g + 19. Let r be (96/15)/8 + 1554/70. What is j(r)?
-4
Let m(i) = 35*i + 17. Let d(y) = 193*y + 84. Let v(l) = 2*d(l) - 11*m(l). Give v(5).
-14
Let d(q) = -q**3 + 105*q**2 - 594*q + 5. Let m be d(99). Let o(t) = -t**3 + 5*t**2 + 2*t - 1. Give o(m).
9
Suppose 91*l - 79 - 194 = 0. Let n(f) be the second derivative of 0*f**2 - 25*f + 1/6*f**l + 0. Calculate n(6).
6
Let t(a) = -a - 1. Let q(f) = 6*f + 10. Let c be 504/98 + 1/(-7). Let w(r) = c*t(r) + q(r). Let j be -6 + 6 - 4/1. Determine w(j).
1
Let x(w) = 2*w - 1. Let h(b) = 17*b - 13. Let o(y) = -1209*y + 923. Let u(s) = -143*h(s) - 2*o(s). Let l(q) = u(q) + 6*x(q). Determine l(7).
0
Let c be (2/((-20)/30) - (1 + 4)) + 10. Let f(i) = -2*i**2 + 2*i - 3. What is f(c)?
-7
Let r be (-120)/18 + (-6)/(-9). Let p(o) = 4*o**2 + 6*o - 9. Let c be p(r). Suppose 0 = -10*h - h - c. Let s(k) = -k**3 - 10*k**2 - 6*k + 13. What is s(h)?
-14
Let x(h) = -73*h**2 - 91*h - 21. Let r(u) = 127*u**2 + 185*u + 41. Let l(q) = -3*r(q) - 5*x(q). Give l(-6).
6
Suppose -5*g = -53*g - 21*g - 414. Let w(z) = -z**2 - 6*z + 9. Give w(g).
9
Let d be (-3)/9 + 165/9. Suppose -2*m + 8 = 0, -m = 3*x - 131 + 55. Let v = x - d. Let g(q) = -q - 1. What is g(v)?
-7
Suppose 0 = y + 2*r + 1, 0 = -6*y + 9*y + 3*r + 9. Let u(v) = -2*v**2 - 6*v - 6. What is u(y)?
-26
Suppose 0 = y - 3*y - 18. Let m(c) = 23*c - 204. Let z be m(9). Let f(n) = 8 - 10*n + 5*n + z*n + 4*n. Give f(y).
-10
Let z(p) = -p + 8. Let t be 37872/540 + -33 + 2/(-15). Give z(t).
-29
Let z(i) = -i**2 + 36*i - 208. Let b be (26/(-13) + 1)*1*-29. What is z(b)?
-5
Suppose -4*j - 187 = -223. Suppose -j*f + 10*f - 6 = 0. Let r(x) = -x**3 + 5*x**2 + 4*x + 8. What is r(f)?
-4
Let x(p) be the third derivative of -p**4/24 + 25*p**3/6 + 3*p**2 + 74*p. Calculate x(27).
-2
Let c(u) = u**3 - 13*u**2 + 17*u + 4. Suppose 4*m + 4 = 0, 4*m + 40 = -2*x + 5*x. What is c(x)?
64
Suppose 0 = b - 2 + 6. Let w(i) be the first derivative of 44 - 2*i - 1/2*i**2. What is w(b)?
2
Let x be 6/(-90)*6 + 32/5. Let y(c) = 6*c - 48. What is y(x)?
-12
Let b(c) = -7*c**3 - 6*c**2 + 10*c - 5. Let z(x) = 20*x**3 + 17*x**2 - 28*x + 14. Let p(o) = -17*b(o) - 6*z(o). Give p(1).
-2
Let x be (-121 - -121)/(9 + -5). Let f(b) = -5*b + 4*b - 10 + 0*b. What is f(x)?
-10
Let n be (-1)/((17/323)/((3 - 5)/2)). Let w(f) = -f**3 + 19*f**2 + f - 24. Calculate w(n).
-5
Let v(s) be the first derivative of -s**4/4 + 5*s**3/3 + 7*s**2/2 - 5*s + 4684. Let q(f) = 2*f - 4. Let x be q(5). Let w = 12 - x. Determine v(w).
1
Let h = -4 - -2. Let z = 40 + -3. Let r(v) = z + 42 + 44 - 122 - v. What is r(h)?
3
Let i(g) = 11*g**2 + 7 + 18*g + 2 - 1256*g**3 - 3*g**2 + 1257*g**3. What is i(-5)?
-6
Let u(b) = b + 10*b - 3*b**2 - 19 + 4*b**2. Let n = 107170 + -107183. Give u(n).
7
Let u(i) be the second derivative of -3*i**5/20 + i**4/6 + i**2/2 - i. Let s = -293209 - -293211. Give u(s).
-15
Suppose -2*q = 3*k + 3, 5*k - 4*q - 20 = q. Let t(f) = 141*f**2 - 1 - 60*f**2 + f - 43*f**2 - 63*f**2. Give t(k).
-25
Let m(k) be the first derivative of 5/6*k**3 + 3/2*k**2 - 9 - 16*k. Let r(x) be the first derivative of m(x). What is r(-3)?
-12
Let o be (1/2)/((-1)/(-14))*1. Suppose 36 = -o*l + 57. Let n(z) = -z**3 + 2*z**2 + 5*z - 3. Give n(l).
3
Let h(d) = -75*d - 754. Let k(a) = -a**3 + 57*a**2 - 83*a + 8168. Let l be k(58). Calculate h(l).
-4
Let o(a) be the second derivative of -a**3/6 + 3*a**2/2 - 226*a. Determine o(1).
2
Let t(k) be the second derivative of k**3/6 + k**2 + k - 606. Let b be ((-7)/(-21))/(1/(-9)). Give t(b).
-1
Let q(c) = -c**2 + 8*c - 22. Suppose 14*a - 19*a = 4*p - 12, 5*p - 2*a = 48. Give q(p).
-22
Let c(h) = h - 5. Let m(n) = -n**2 + 10*n + 5. Let x be m(8). Suppose -5*q + 10 = -3*q. Suppose i + 4*i + 4*t - 7 = 0, -q*i + 3*t = -x. What is c(i)?
-2
Let f(r) = -2*r + 2. Suppose 21*b = -12 + 96. Suppose -b*u = -9 - 15. Calculate f(u).
-10
Let g(l) = -l + 1. Let i = 79 + -52. Let u(s) = -s**3 + 28*s**2 - 27*s + 1. Let w be u(i). Give g(w).
0
Let m(h) = -8*h + 2. Let u be 6/4 + 21/6 + -3. Suppose u*z = 4*z - 4. Suppose -z*c = -5*l + 4, 3*l + 10 = 5*c + 1. Give m(c).
-22
Let p = -342 + 344. Let t(w) = -2*w**3 - 136775*w + 2*w**p + 136775*w. Determine t(2).
-8
Let x(d) be the second derivative of -5*d + 6 - d**3 + 2*d**2 + 1/12*d**4. Suppose -3*j + 23 = q, -3*j + 5*j = 4*q - 8. Give x(j).
4
Let g(y) be the third derivative of y**6/720 + 2*y**5/15 - 65*y**4/8 + 2*y**2 - 43. Let m(o) be the second derivative of g(o). Give m(-15).
1
Let c(x) = -11*x + 32. Suppose 54*k - 52*k = 3*f + 2, -2*k = 3*f - 14. Determine c(f).
10
Let z(s) be the first derivative of -3*s**2/2 + 3*s + 4. Let t = -295 + 291. Let o be ((-7)/28)/((-141)/(-36) + t). Determine z(o).
-6
Let q(v) = -10*v**2. Suppose -24 = -z - 3*z. Let n be -1*((-9)/z)/(1/2). Suppose 3*i + 9 = 3*t, t + 17 = -n*i + 6*t. What is q(i)?
-10
Let v(j) = 6*j + 54. Let w be v(-10). Let m(i) = -i**3 + 4*i**2 + 4*i + 8. Let c be m(5). Let x(n) = 6*n - n**c + 0 - 11*n**2 - 1 - 4 + 6*n**2. Give x(w).
-5
Let v(i) be the third derivative of i**5/60 + i**4/3 - 3*i**3 + i**2. Suppose 3*z + o = -30, 7 = z - 5*o + 17. Determine v(z).
2
Let p = 1497 + -1492. Let c(m) = -m**3 + 6*m**2 - 5*m - 2. What is c(p)?
-2
Let q be (2/(-2))/(50/(-45) + 1). Let s(t) = -t**3 - t**2 - 1. Let h(w) = 6*w**3 - 3*w**2 - 8*w - 1. Let m(k) = h(k) + 5*s(k). Calculate m(q).
3
Let t(k) = 2*k**3 - 9*k**2 + 12*k - 7. Let h(r) = 6*r**3 - 22*r**2 + 37*r - 21. Let p(c) = -2*h(c) + 7*t(c). Determine p(9).
2
Let b(r) = -6*r**3 - 3*r**2 + 2*r - 1. Let k = 1498 + -1496. Calculate b(k).
-57
Let g(x) = -8*x**3 + 20*x**2 + 25*x + 9. Let z(s) = -3*s**3 + 10*s**2 + 12*s + 5. Let b(n) = 2*g(n) - 5*z(n). Calculate b(-6).
-91
Let u(r) be the second derivative of 2*r**3/3 + 2*r**2 - 17*r + 8. Calculate u(3).
16
Let h(c) = -21*c**2 - c - 3. Let t be (-8 - -6)/(6/3). What is h(t)?
-23
Suppose 39*x + 211 = -62. Let i(f) = 40*f + 114. Let d(j) = 11*j + 38. Let z(w) = x*d(w) + 2*i(w). Calculate z(12).
-2
Suppose -5*z + 13 = -12. Suppose z*o - 15 = -150. Let l be ((-2)/(-6))/(8 + 219/o). Let v(r) = 2*r + 3. What is v(l)?
-3
Let u(s) be the third derivative of s**5/120 + s**4/8 - 35*s**3/6 + s**2 - 28. Let v(b) be the first derivative of u(b). Calculate v(-11).
-8
Suppose 242*i - 261*i + 190 = 0. Let h(b) = -7*b + 29. Give h(i).
-41
Let c be ((-32)/(-12))/(2/9). Let i(t) be the third derivative of t**4/24 - 11*t**3/6 + 17*t**2. Determine i(c).
1
Let x(q) = q**2 + 6*q - 30. Let a(r) = -2*r**2 - 38*r - 64. Let s be a(-17). Give x(s).
10
Let u(p) = p**3 + p**2 - 2*p - 2. Let o = -31 + 51. Suppose 0 = -9*h + 14*h - o. Suppose 0 = -10*g + 8*g - h. Give u(g).
-2
Suppose 0 = 24*q + 3*q - 1539. Let n(x) = -56 + 175 - 2*x - 62 - q. Calculate n(-8).
16
Let m = 7818 + -7818. Let w(x) = x**2 - x. Calculate w(m).
0
Suppose 12*k - 288 = -24*k. Let y(j) = k - 10 + 7 - j + 0 + 0. Let r be (0/(-3))/(1*2). What is y(r)?
5
Let f(o) = -13*o. Let n(g) = -21*g. Let r(p) = -6*f(p) + 4*n(p). Let k be 3 - 2/(-3)*-6. Calculate r(k).
6
Let x(t) = -13*t**3 - 142*t**2 - 38*t - 549. Let i be x(-11). Let a(r) = -8*r**2 + 9*r + 1 - r**3 - 2*r**2 + r**2. Determine a(i).
11
Let r(c) be the first derivative of 37*c**2/2 + 28*c - 3594. Determine r(-1).
-9
Let h(k) = k**2 - 4*k - 4. Let q(y) be the third derivative of y**6/60 - 13*y**5/60 - y**4/8 - 4*y**3 + 163*y**2. Let p be q(7). Determine h(p).
-4
Let k be -5 - (3 + -2)/((-37)/259). Let q(w) = -w**2 - 4*w + 13. What is q(k)?
1
Let q(m) be the third derivative of -m**6/360 - 7*m**5/120 + m**4/4 - 10*m**3 - m**2 + 7. Let d(x) be the first derivative of q(x). Give d(-7).
6
Let t(n) be the second derivative of 0 + 1/2*n**3 - 7*n + 1/2*n**2. Let r = 133 + -130. What is t(r)?
10
Let g(p) be the third derivative of p**6/120 + p**5/3 - 5*p**4/6 + 8*p**3/3 - 1425*p**2. Determine g(-21).
-5
Let w(b) = 14*b - 1. Let i be 5/1 + 8 + -9. Suppose n + m = 1 + 4, 3*n - i*m = -6. Let f be n/(-5)*(-10)/8*2. Give w(f).
13
Suppose -10*n - 208 = 30 - 38. Let i(r) = r**2 + 20*r + 21. What is i(n)?
21
Let i(d) = 4*d**3 - d**2 + 2*d - 1. Let b be i(1). Let a(w) = 7*w + 1. Let m(g) = 106*g + 17. Let o(z) = 15*a(z) - m(z). Determine o(b).
-6
Suppose -24*b = -23*b - 6, 35 = 5*k + 5*b. Let s(m) = -12*m**3 + m**2 + 1. Give s(k).
-10
Let v(d) = -d**2 + 5*d - 3. 